[INFO] cloning repository https://github.com/manuel-rhdt/rust-rasterize
[INFO] running `Command { std: "git" "-c" "credential.helper=" "-c" "credential.helper=/workspace/cargo-home/bin/git-credential-null" "clone" "--bare" "https://github.com/manuel-rhdt/rust-rasterize" "/workspace/cache/git-repos/https%3A%2F%2Fgithub.com%2Fmanuel-rhdt%2Frust-rasterize", kill_on_drop: false }`
[INFO] [stderr] Cloning into bare repository '/workspace/cache/git-repos/https%3A%2F%2Fgithub.com%2Fmanuel-rhdt%2Frust-rasterize'...
[INFO] running `Command { std: "git" "rev-parse" "HEAD", kill_on_drop: false }`
[INFO] [stdout] 723c8ab23d50f775ab967cdff526ed97645009dd
[INFO] checking manuel-rhdt/rust-rasterize against try#72f88fc4e9458f89516a0b8b0868f3718aec5b47 for pr-74989
[INFO] running `Command { std: "git" "clone" "/workspace/cache/git-repos/https%3A%2F%2Fgithub.com%2Fmanuel-rhdt%2Frust-rasterize" "/workspace/builds/worker-8/source", kill_on_drop: false }`
[INFO] [stderr] Cloning into '/workspace/builds/worker-8/source'...
[INFO] [stderr] done.
[INFO] validating manifest of git repo https://github.com/manuel-rhdt/rust-rasterize on toolchain 72f88fc4e9458f89516a0b8b0868f3718aec5b47
[INFO] running `Command { std: "/workspace/cargo-home/bin/cargo" "+72f88fc4e9458f89516a0b8b0868f3718aec5b47" "read-manifest" "--manifest-path" "Cargo.toml", kill_on_drop: false }`
[INFO] started tweaking git repo https://github.com/manuel-rhdt/rust-rasterize
[INFO] finished tweaking git repo https://github.com/manuel-rhdt/rust-rasterize
[INFO] tweaked toml for git repo https://github.com/manuel-rhdt/rust-rasterize written to /workspace/builds/worker-8/source/Cargo.toml
[INFO] crate git repo https://github.com/manuel-rhdt/rust-rasterize already has a lockfile, it will not be regenerated
[INFO] running `Command { std: "/workspace/cargo-home/bin/cargo" "+72f88fc4e9458f89516a0b8b0868f3718aec5b47" "fetch" "--locked" "--manifest-path" "Cargo.toml", kill_on_drop: false }`
[INFO] [stderr]  Downloading crates ...
[INFO] [stderr]   Downloaded image v0.15.0
[INFO] [stderr]   Downloaded png v0.9.0
[INFO] [stderr]   Downloaded adler32 v1.0.1
[INFO] [stderr]   Downloaded simd v0.2.0
[INFO] [stderr]   Downloaded rmp v0.8.6
[INFO] [stderr]   Downloaded rmp-serde v0.13.6
[INFO] [stderr]   Downloaded deflate v0.7.15
[INFO] [stderr]   Downloaded svgparser v0.4.2
[INFO] running `Command { std: "docker" "create" "-v" "/var/lib/crater-agent-workspace/builds/worker-8/target:/opt/rustwide/target:rw,Z" "-v" "/var/lib/crater-agent-workspace/builds/worker-8/source:/opt/rustwide/workdir:ro,Z" "-v" "/var/lib/crater-agent-workspace/cargo-home:/opt/rustwide/cargo-home:ro,Z" "-v" "/var/lib/crater-agent-workspace/rustup-home:/opt/rustwide/rustup-home:ro,Z" "-e" "SOURCE_DIR=/opt/rustwide/workdir" "-e" "CARGO_TARGET_DIR=/opt/rustwide/target" "-e" "CARGO_HOME=/opt/rustwide/cargo-home" "-e" "RUSTUP_HOME=/opt/rustwide/rustup-home" "-w" "/opt/rustwide/workdir" "-m" "1610612736" "--user" "0:0" "--network" "none" "rustops/crates-build-env@sha256:d92eaeed33fa75130ca1ee6c8a01d1ffb62bac859dfdfb3450e3e5d1c0146529" "/opt/rustwide/cargo-home/bin/cargo" "+72f88fc4e9458f89516a0b8b0868f3718aec5b47" "metadata" "--no-deps" "--format-version=1", kill_on_drop: false }`
[INFO] [stderr] WARNING: Your kernel does not support swap limit capabilities or the cgroup is not mounted. Memory limited without swap.
[INFO] [stdout] 31c573ebb4415d3610ef3fb42c5193f4b160314ebc0f295c65917ff17bbb06ea
[INFO] running `Command { std: "docker" "start" "-a" "31c573ebb4415d3610ef3fb42c5193f4b160314ebc0f295c65917ff17bbb06ea", kill_on_drop: false }`
[INFO] running `Command { std: "docker" "inspect" "31c573ebb4415d3610ef3fb42c5193f4b160314ebc0f295c65917ff17bbb06ea", kill_on_drop: false }`
[INFO] running `Command { std: "docker" "rm" "-f" "31c573ebb4415d3610ef3fb42c5193f4b160314ebc0f295c65917ff17bbb06ea", kill_on_drop: false }`
[INFO] [stdout] 31c573ebb4415d3610ef3fb42c5193f4b160314ebc0f295c65917ff17bbb06ea
[INFO] running `Command { std: "docker" "create" "-v" "/var/lib/crater-agent-workspace/builds/worker-8/target:/opt/rustwide/target:rw,Z" "-v" "/var/lib/crater-agent-workspace/builds/worker-8/source:/opt/rustwide/workdir:ro,Z" "-v" "/var/lib/crater-agent-workspace/cargo-home:/opt/rustwide/cargo-home:ro,Z" "-v" "/var/lib/crater-agent-workspace/rustup-home:/opt/rustwide/rustup-home:ro,Z" "-e" "SOURCE_DIR=/opt/rustwide/workdir" "-e" "CARGO_TARGET_DIR=/opt/rustwide/target" "-e" "CARGO_INCREMENTAL=0" "-e" "RUST_BACKTRACE=full" "-e" "RUSTFLAGS=--cap-lints=forbid" "-e" "CARGO_HOME=/opt/rustwide/cargo-home" "-e" "RUSTUP_HOME=/opt/rustwide/rustup-home" "-w" "/opt/rustwide/workdir" "-m" "1610612736" "--user" "0:0" "--network" "none" "rustops/crates-build-env@sha256:d92eaeed33fa75130ca1ee6c8a01d1ffb62bac859dfdfb3450e3e5d1c0146529" "/opt/rustwide/cargo-home/bin/cargo" "+72f88fc4e9458f89516a0b8b0868f3718aec5b47" "check" "--frozen" "--all" "--all-targets" "--message-format=json", kill_on_drop: false }`
[INFO] [stdout] 4b54891d9a4d714baad661c4e2a8246504cc09abbde918877302c409af43a425
[INFO] [stderr] WARNING: Your kernel does not support swap limit capabilities or the cgroup is not mounted. Memory limited without swap.
[INFO] running `Command { std: "docker" "start" "-a" "4b54891d9a4d714baad661c4e2a8246504cc09abbde918877302c409af43a425", kill_on_drop: false }`
[INFO] [stderr]     Checking libc v0.2.29
[INFO] [stderr]     Checking num-traits v0.1.40
[INFO] [stderr]     Checking rustc-serialize v0.3.24
[INFO] [stderr]     Checking byteorder v1.1.0
[INFO] [stderr]     Checking either v1.1.0
[INFO] [stderr]    Compiling rayon-core v1.2.1
[INFO] [stderr]     Checking scopeguard v0.3.2
[INFO] [stderr]     Checking futures v0.1.14
[INFO] [stderr]     Checking lazy_static v0.2.8
[INFO] [stderr]     Checking siphasher v0.2.2
[INFO] [stderr]     Checking adler32 v1.0.1
[INFO] [stderr]     Checking bitflags v0.9.1
[INFO] [stderr]     Checking odds v0.2.25
[INFO] [stderr]     Checking inflate v0.2.0
[INFO] [stderr]     Checking lzw v0.10.0
[INFO] [stderr]     Checking color_quant v1.0.0
[INFO] [stderr]     Checking serde v1.0.11
[INFO] [stderr]     Checking unicode-width v0.1.4
[INFO] [stderr]     Checking approx v0.1.1
[INFO] [stderr]     Checking strsim v0.6.0
[INFO] [stderr]     Checking unicode-segmentation v1.2.0
[INFO] [stderr]     Checking dtoa v0.4.1
[INFO] [stderr]     Checking vec_map v0.8.0
[INFO] [stderr]     Checking itoa v0.3.1
[INFO] [stderr]     Checking scoped_threadpool v0.1.7
[INFO] [stderr]     Checking ansi_term v0.9.0
[INFO] [stderr]     Checking simd v0.2.0
[INFO] [stderr]    Compiling phf_shared v0.7.21
[INFO] [stderr]     Checking coco v0.1.1
[INFO] [stderr]     Checking itertools v0.6.1
[INFO] [stderr]     Checking gif v0.9.2
[INFO] [stderr]     Checking deflate v0.7.15
[INFO] [stderr]     Checking rand v0.3.16
[INFO] [stderr]     Checking num_cpus v1.6.2
[INFO] [stderr]     Checking term_size v0.3.0
[INFO] [stderr]     Checking atty v0.2.2
[INFO] [stderr]     Checking nodrop v0.1.9
[INFO] [stderr]     Checking num-integer v0.1.35
[INFO] [stderr]     Checking rmp v0.8.6
[INFO] [stderr]     Checking enum_primitive v0.1.1
[INFO] [stderr]     Checking phf v0.7.21
[INFO] [stderr]    Compiling serde_derive_internals v0.15.1
[INFO] [stdout] error[E0277]: the trait bound `U: Simd` is not satisfied
[INFO] [stdout]    --> /opt/rustwide/cargo-home/registry/src/github.com-1ecc6299db9ec823/simd-0.2.0/src/lib.rs:182:19
[INFO] [stdout]     |
[INFO] [stdout] 55  | pub unsafe trait Simd {
[INFO] [stdout]     |                  ---- required by a bound in this
[INFO] [stdout] 56  |     /// The corresponding boolean vector type.
[INFO] [stdout] 57  |     type Bool: Simd;
[INFO] [stdout]     |                ---- required by this bound in `Simd`
[INFO] [stdout] ...
[INFO] [stdout] 182 |     fn simd_eq<T: Simd<Bool = U>, U>(x: T, y: T) -> U;
[INFO] [stdout]     |                   ^^^^^^^^^^^^^^ the trait `Simd` is not implemented for `U`
[INFO] [stdout] 
[INFO] [stdout] 
[INFO] [stdout] error[E0277]: the trait bound `U: Simd` is not satisfied
[INFO] [stdout]    --> /opt/rustwide/cargo-home/registry/src/github.com-1ecc6299db9ec823/simd-0.2.0/src/lib.rs:183:19
[INFO] [stdout]     |
[INFO] [stdout] 55  | pub unsafe trait Simd {
[INFO] [stdout]     |                  ---- required by a bound in this
[INFO] [stdout] 56  |     /// The corresponding boolean vector type.
[INFO] [stdout] 57  |     type Bool: Simd;
[INFO] [stdout]     |                ---- required by this bound in `Simd`
[INFO] [stdout] ...
[INFO] [stdout] 183 |     fn simd_ne<T: Simd<Bool = U>, U>(x: T, y: T) -> U;
[INFO] [stdout]     |                   ^^^^^^^^^^^^^^ the trait `Simd` is not implemented for `U`
[INFO] [stdout] 
[INFO] [stdout] 
[INFO] [stdout] error[E0277]: the trait bound `U: Simd` is not satisfied
[INFO] [stdout]    --> /opt/rustwide/cargo-home/registry/src/github.com-1ecc6299db9ec823/simd-0.2.0/src/lib.rs:184:19
[INFO] [stdout]     |
[INFO] [stdout] 55  | pub unsafe trait Simd {
[INFO] [stdout]     |                  ---- required by a bound in this
[INFO] [stdout] 56  |     /// The corresponding boolean vector type.
[INFO] [stdout] 57  |     type Bool: Simd;
[INFO] [stdout]     |                ---- required by this bound in `Simd`
[INFO] [stdout] ...
[INFO] [stdout] 184 |     fn simd_lt<T: Simd<Bool = U>, U>(x: T, y: T) -> U;
[INFO] [stdout]     |                   ^^^^^^^^^^^^^^ the trait `Simd` is not implemented for `U`
[INFO] [stdout] 
[INFO] [stdout] 
[INFO] [stdout] error[E0277]: the trait bound `U: Simd` is not satisfied
[INFO] [stdout]    --> /opt/rustwide/cargo-home/registry/src/github.com-1ecc6299db9ec823/simd-0.2.0/src/lib.rs:185:19
[INFO] [stdout]     |
[INFO] [stdout] 55  | pub unsafe trait Simd {
[INFO] [stdout]     |                  ---- required by a bound in this
[INFO] [stdout] 56  |     /// The corresponding boolean vector type.
[INFO] [stdout] 57  |     type Bool: Simd;
[INFO] [stdout]     |                ---- required by this bound in `Simd`
[INFO] [stdout] ...
[INFO] [stdout] 185 |     fn simd_le<T: Simd<Bool = U>, U>(x: T, y: T) -> U;
[INFO] [stdout]     |                   ^^^^^^^^^^^^^^ the trait `Simd` is not implemented for `U`
[INFO] [stdout] 
[INFO] [stdout] 
[INFO] [stdout] error[E0277]: the trait bound `U: Simd` is not satisfied
[INFO] [stdout]    --> /opt/rustwide/cargo-home/registry/src/github.com-1ecc6299db9ec823/simd-0.2.0/src/lib.rs:186:19
[INFO] [stdout]     |
[INFO] [stdout] 55  | pub unsafe trait Simd {
[INFO] [stdout]     |                  ---- required by a bound in this
[INFO] [stdout] 56  |     /// The corresponding boolean vector type.
[INFO] [stdout] 57  |     type Bool: Simd;
[INFO] [stdout]     |                ---- required by this bound in `Simd`
[INFO] [stdout] ...
[INFO] [stdout] 186 |     fn simd_gt<T: Simd<Bool = U>, U>(x: T, y: T) -> U;
[INFO] [stdout]     |                   ^^^^^^^^^^^^^^ the trait `Simd` is not implemented for `U`
[INFO] [stdout] 
[INFO] [stdout] 
[INFO] [stdout] error[E0277]: the trait bound `U: Simd` is not satisfied
[INFO] [stdout]    --> /opt/rustwide/cargo-home/registry/src/github.com-1ecc6299db9ec823/simd-0.2.0/src/lib.rs:187:19
[INFO] [stdout]     |
[INFO] [stdout] 55  | pub unsafe trait Simd {
[INFO] [stdout]     |                  ---- required by a bound in this
[INFO] [stdout] 56  |     /// The corresponding boolean vector type.
[INFO] [stdout] 57  |     type Bool: Simd;
[INFO] [stdout]     |                ---- required by this bound in `Simd`
[INFO] [stdout] ...
[INFO] [stdout] 187 |     fn simd_ge<T: Simd<Bool = U>, U>(x: T, y: T) -> U;
[INFO] [stdout]     |                   ^^^^^^^^^^^^^^ the trait `Simd` is not implemented for `U`
[INFO] [stdout] 
[INFO] [stdout] 
[INFO] [stderr]     Checking textwrap v0.7.0
[INFO] [stderr]     Checking arrayvec v0.3.23
[INFO] [stderr]     Checking num-iter v0.1.34
[INFO] [stdout] error: aborting due to 6 previous errors
[INFO] [stdout] 
[INFO] [stdout] 
[INFO] [stdout] For more information about this error, try `rustc --explain E0277`.
[INFO] [stdout] 
[INFO] [stderr] error: could not compile `simd`.
[INFO] [stderr] 
[INFO] [stderr] To learn more, run the command again with --verbose.
[INFO] [stderr] warning: build failed, waiting for other jobs to finish...
[INFO] [stderr] error: build failed
[INFO] running `Command { std: "docker" "inspect" "4b54891d9a4d714baad661c4e2a8246504cc09abbde918877302c409af43a425", kill_on_drop: false }`
[INFO] running `Command { std: "docker" "rm" "-f" "4b54891d9a4d714baad661c4e2a8246504cc09abbde918877302c409af43a425", kill_on_drop: false }`
[INFO] [stdout] 4b54891d9a4d714baad661c4e2a8246504cc09abbde918877302c409af43a425
